e remainder when 1400 is divided by 45?
5
What is the remainder when 624 is divided by 118?
34
Calculate the remainder when 814 is divided by 41.
35
Calculate the remainder when 195 is divided by 94.
7
Calculate the remainder when 1405 is divided by 520.
365
What is the remainder when 271 is divided by 21?
19
Calculate the remainder when 1070 is divided by 155.
140
What is the remainder when 1830 is divided by 206?
182
Calculate the remainder when 268 is divided by 5.
3
What is the remainder when 194 is divided by 3?
2
Calculate the remainder when 154 is divided by 41.
31
What is the remainder when 1867 is divided by 107?
48
What is the remainder when 685 is divided by 83?
21
What is the remainder when 678 is divided by 8?
6
What is the remainder when 2205 is divided by 16?
13
Calculate the remainder when 449 is divided by 144.
17
What is the remainder when 196 is divided by 101?
95
What is the remainder when 83 is divided by 27?
2
What is the remainder when 3287 is divided by 12?
11
Calculate the remainder when 138 is divided by 28.
26
Calculate the remainder when 341 is divided by 39.
29
What is the remainder when 738 is divided by 2?
0
Calculate the remainder when 95 is divided by 33.
29
Calculate the remainder when 48 is divided by 7.
6
Calculate the remainder when 122 is divided by 14.
10
What is the remainder when 550 is divided by 31?
23
Calculate the remainder when 1260 is divided by 32.
12
What is the remainder when 555 is divided by 173?
36
Calculate the remainder when 519 is divided by 16.
7
What is the remainder when 180 is divided by 7?
5
What is the remainder when 1229 is divided by 437?
355
What is the remainder when 2993 is divided by 3?
2
Calculate the remainder when 12 is divided by 7.
5
What is the remainder when 448 is divided by 9?
7
Calculate the remainder when 946 is divided by 34.
28
What is the remainder when 151 is divided by 40?
31
What is the remainder when 25 is divided by 3?
1
What is the remainder when 207 is divided by 40?
7
What is the remainder when 464 is divided by 93?
92
Calculate the remainder when 63697 is divided by 14.
11
What is the remainder when 186 is divided by 93?
0
What is the remainder when 11381 is divided by 21?
20
Calculate the remainder when 921 is divided by 14.
11
What is the remainder when 5471 is divided by 25?
21
Calculate the remainder when 237 is divided by 22.
17
Calculate the remainder when 246 is divided by 42.
36
Calculate the remainder when 128 is divided by 46.
36
Calculate the remainder when 407 is divided by 52.
43
What is the remainder when 770 is divided by 26?
16
Calculate the remainder when 232 is divided by 120.
112
What is the remainder when 118 is divided by 6?
4
Calculate the remainder when 260 is divided by 141.
119
Calculate the remainder when 2811 is divided by 26.
3
Calculate the remainder when 1767 is divided by 26.
25
Calculate the remainder when 598 is divided by 14.
10
What is the remainder when 685 is divided by 63?
55
Calculate the remainder when 179 is divided by 30.
29
Calculate the remainder when 389 is divided by 100.
89
Calculate the remainder when 205 is divided by 105.
100
Calculate the remainder when 547 is divided by 112.
99
What is the remainder when 502 is divided by 123?
10
Calculate the remainder when 59 is divided by 16.
11
Calculate the remainder when 5170 is divided by 75.
70
What is the remainder when 13 is divided by 12?
1
Calculate the remainder when 6434 is divided by 56.
50
Calculate the remainder when 3677 is divided by 127.
121
Calculate the remainder when 182 is divided by 32.
22
Calculate the remainder when 243 is divided by 85.
73
What is the remainder when 2335 is divided by 14?
11
Calculate the remainder when 569 is divided by 20.
9
Calculate the remainder when 2322 is divided by 182.
138
Calculate the remainder when 490 is divided by 97.
5
Calculate the remainder when 23902 is divided by 96.
94
Calculate the remainder when 160 is divided by 18.
16
What is the remainder when 227 is divided by 76?
75
What is the remainder when 282 is divided by 135?
12
Calculate the remainder when 459 is divided by 23.
22
What is the remainder when 763 is divided by 9?
7
Calculate the remainder when 590 is divided by 99.
95
What is the remainder when 478 is divided by 93?
13
Calculate the remainder when 3356 is divided by 42.
38
Calculate the remainder when 330 is divided by 319.
11
What is the remainder when 126 is divided by 65?
61
Calculate the remainder when 437 is divided by 20.
17
What is the remainder when 423 is divided by 3?
0
Calculate the remainder when 112 is divided by 39.
34
Calculate the remainder when 830 is divided by 412.
6
What is the remainder when 162 is divided by 53?
3
Calculate the remainder when 397 is divided by 206.
191
Calculate the remainder when 541 is divided by 32.
29
Calculate the remainder when 400 is divided by 42.
22
Calculate the remainder when 497 is divided by 56.
49
Calculate the remainder when 172 is divided by 29.
27
Calculate the remainder when 165 is divided by 24.
21
Calculate the remainder when 307 is divided by 235.
72
Calculate the remainder when 63 is divided by 24.
15
Calculate the remainder when 80 is divided by 30.
20
What is the remainder when 86 is divided by 17?
1
What is the remainder when 90 is divided by 36?
18
Calculate the remainder when 403 is divided by 17.
12
Calculate the remainder when 5713 is divided by 1424.
17
What is the remainder when 682 is divided by 57?
55
Calculate the remainder when 1086 is divided by 24.
6
What is the remainder when 680 is divided by 39?
17
Calculate the remainder when 2797 is divided by 25.
22
Calculate the remainder when 1829 is divided by 358.
39
Calculate the remainder when 354 is divided by 92.
78
What is the remainder when 176 is divided by 38?
24
Calculate the remainder when 125 is divided by 26.
21
What is the remainder when 896 is divided by 36?
32
What is the remainder when 45 is divided by 8?
5
Calculate the remainder when 336 is divided by 13.
11
What is the remainder when 922 is divided by 187?
174
Calculate the remainder when 293 is divided by 42.
41
What is the remainder when 349 is divided by 78?
37
Calculate the remainder when 557 is divided by 33.
29
Calculate the remainder when 2624 is divided by 11.
6
Calculate the remainder when 3583 is divided by 9.
1
Calculate the remainder when 446 is divided by 102.
38
What is the remainder when 2244 is divided by 45?
39
Calculate the remainder when 36 is divided by 32.
4
Calculate the remainder when 211 is divided by 24.
19
Calculate the remainder when 748 is divided by 15.
13
Calculate the remainder when 1821 is divided by 16.
13
What is the remainder when 448 is divided by 80?
48
Calculate the remainder when 117 is divided by 24.
21
Calculate the remainder when 874 is divided by 864.
10
Calculate the remainder when 637 is divided by 155.
17
What is the remainder when 769 is divided by 18?
13
Calculate the remainder when 2684 is divided by 383.
3
Calculate the remainder when 477 is divided by 16.
13
What is the remainder when 1821 is divided by 199?
30
What is the remainder when 8669 is divided by 10?
9
What is the remainder when 453 is divided by 146?
15
Calculate the remainder when 452 is divided by 76.
72
What is the remainder when 5454 is divided by 107?
104
Calculate the remainder when 8268 is divided by 376.
372
What is the remainder when 3290 is divided by 32?
26
What is the remainder when 65972 is divided by 455?
452
Calculate the remainder when 497 is divided by 173.
151
What is the remainder when 572 is divided by 20?
12
Calculate the remainder when 18447 is divided by 90.
87
Calculate the remainder when 6236 is divided by 6224.
12
What is the remainder when 1293 is divided by 5?
3
Calculate the remainder when 1184 is divided by 36.
32
Calculate the remainder when 299 is divided by 10.
9
Calculate the remainder when 253 is divided by 98.
57
Calculate the remainder when 70 is divided by 24.
22
Calculate the remainder when 604 is divided by 96.
28
What is the remainder when 159 is divided by 56?
47
What is the remainder when 1101 is divided by 58?
57
What is the remainder when 38 is divided by 11?
5
Calculate the remainder when 367 is divided by 49.
24
What is the remainder when 1564 i